b = -113 - -104. Let s(f) = f**3 + 11*f**2 + 13*f + 18. Let n be s(b). Calculate the highest common divisor of n and 14.
7
Let d be (-1 + (-438)/9)*3. Let i = d - -233. Calculate the greatest common divisor of i and 12.
12
Let z = -937 - -963. Calculate the greatest common divisor of z and 182.
26
Suppose 2*b - 308 = 2*n - 7*n, -2*b - 2*n + 308 = 0. What is the highest common factor of 44 and b?
22
Suppose -4*t - 37 + 13 = 0. Let s be (22/t)/((-1)/3). Suppose 0 = 49*x - 53*x + 440. Calculate the greatest common factor of x and s.
11
Let w be ((-120)/160)/(3/(-92)). Calculate the greatest common factor of w and 23.
23
Suppose -2*k - d = -14 + 7, 2*d + 10 = 0. Suppose 0 = -b - 3, -3*b - 1 = s - 7. Calculate the greatest common divisor of k and s.
3
Let u = 4536 + -2664. What is the highest common factor of 39 and u?
39
Suppose j - 5 = -0. Let b(c) = -12*c - 592. Let v be b(-51). What is the greatest common factor of j and v?
5
Let v be 21/14*64/3. Let l be (-4)/1*-2*1. What is the highest common divisor of l and v?
8
Let t(f) = 2*f**3 - 7*f**2 + 7*f + 5. Let n be t(3). What is the greatest common factor of 3 and n?
1
Let o be (-2 + 2 - -16) + 2. Let d = -43 + 52. Let q be (2/(-6))/(d/(-1215)). Calculate the greatest common divisor of o and q.
9
Let c = 6 - 4. Let r(i) = -i - 2. Let x be r(-7). Suppose 0 = -2*h - 5*j + 40, x*h + 10*j - 13*j - 100 = 0. What is the greatest common divisor of c and h?
2
Let o be 3 + 71 + -4 - 0. Suppose -7*q - 17*q + 720 = 0. Calculate the greatest common factor of q and o.
10
Let f be (5/(-50)*-36)/((-9)/(-30)). Calculate the highest common divisor of f and 60.
12
Let y be ((-12)/20)/((-27)/(-15) + -2). Suppose 4*h - 2 - 10 = 0, y*h = -l + 105. Calculate the highest common divisor of 12 and l.
12
Let d(n) = 20*n - 375. Let f be d(19). What is the highest common divisor of 605 and f?
5
Suppose u + 14 = 38. Calculate the greatest common factor of 156 and u.
12
Let x be (-84)/9*(4 + 23/(-2)). Calculate the highest common divisor of 20 and x.
10
Suppose -27*c - 5796 = -31*c. Calculate the greatest common factor of 23 and c.
23
Suppose 12*r - 568 = 8*r + 2*z, 0 = r + z - 136. Let s be ((-12)/8)/(6/(-80)). What is the greatest common divisor of r and s?
20
Suppose 2*l + 14 = -2. Suppose -5*k = -2*o + 5*o + 16, 0 = o - k. Let h be (-142)/l + o/(-8). Calculate the highest common factor of h and 12.
6
Let p = -44 + 37. Let w(j) = -j**3 - 9*j**2 - 17*j - 1. Let t be w(p). Calculate the greatest common factor of 50 and t.
10
Let j = 2 + -1. Let a(l) = 2*l**2 + 1. Let s be a(-1). Calculate the highest common divisor of s and j.
1
Let x be (-5 + 1)*(2 + (-30)/(-8)). Let j = x - -42. What is the greatest common factor of j and 76?
19
Let l(b) = -b**2 + 4*b - 2. Let y be l(1). Let c be y - (0/3 - -2). Let h(r) = -11*r. Let g be h(c). Calculate the greatest common factor of 88 and g.
11
Suppose -8*h = -8 - 88. Let d be 637/14 + 1/2. Let p = d + -28. What is the highest common factor of h and p?
6
Let x(b) = -26*b - 49. Let z be x(-4). Calculate the highest common divisor of z and 44.
11
Let k be -1*2/(3 + -2). Let o be (143 + -9)*k/(-4). Suppose 4*b + o = 391. What is the highest common factor of 9 and b?
9
Let n(b) = -210*b - 673. Let l be n(-5). What is the highest common divisor of l and 29?
29
Suppose 27 = 2*g - 2*h - 21, -4*h = -4. Suppose g = l + 3. Suppose 96 + 123 = 29*j - 100. What is the greatest common factor of l and j?
11
Suppose 2*k - 3 = -r - 5, 1 = -k - 5*r. Let n be ((-4)/6)/(k/96). Calculate the highest common divisor of 8 and n.
8
Let v(b) = b**2 - 2*b - 6. Let n be v(-4). Suppose 0 = 5*f - 3*t + 2 - 6, 2*f + 4 = 4*t. What is the greatest common factor of f and n?
2
Let t = 330 + -265. Calculate the highest common divisor of t and 10.
5
Let u = 276 - 150. Let o(l) = 9*l. Suppose -2*v + 8 = 2*v. Let a be o(v). Calculate the greatest common divisor of u and a.
18
Suppose 112*n - 348 = 110*n. What is the highest common factor of 1914 and n?
174
Suppose 8*d + 7788 = 19*d. What is the greatest common factor of 6 and d?
6
Let i(z) = 2*z**2 - 4*z - 10. Let s be i(-3). Let j(q) = 5*q - 34. Let u be j(s). Calculate the greatest common factor of 44 and u.
22
Suppose -m - 4*w = -5*w - 83, -403 = -5*m - w. Suppose 25*y - 1666 = -316. What is the greatest common divisor of m and y?
27
Let h(u) = 3*u - 1. Let s be h(3). Let f be (-3)/(3/(-1))*17. Suppose -y - 3*r - f = -2*y, -2*r = 5*y. What is the highest common divisor of s and y?
2
Suppose 27 = a + 2*a. Suppose 257 - 41 = 3*c. What is the greatest common divisor of c and a?
9
Let q = 755 + -307. Calculate the highest common factor of q and 128.
64
Let d = 463 + -307. What is the highest common divisor of d and 858?
78
Suppose 0 = -8*f + 207 - 39. What is the highest common factor of f and 399?
21
Suppose 2*m = 36 + 18. Let z = m - 12. Let d be z - (2 + 0 + 1). What is the greatest common factor of d and 4?
4
Let t = -3 + 19. Let s = 4 + t. What is the highest common factor of 10 and s?
10
Let o(z) = z + 5. Let g be o(-6). Let w be 10/(-10)*(-109 - g). Calculate the highest common divisor of w and 18.
18
Suppose 2*z = -5*u + 2*u + 24, 0 = 4*z + 2*u - 48. Suppose -4*b + z = -4*t, 6*b - 3 = 3*b - 3*t. What is the greatest common divisor of b and 14?
2
Let n = 243 - 211. What is the highest common divisor of 224 and n?
32
Let k be 3 + ((-2)/5 - 1935/(-25)). What is the greatest common divisor of 40 and k?
40
Let n = 28 - 24. Let t be 5/(5/238) - n. Let o = -94 + t. Calculate the highest common divisor of 20 and o.
20
Let p = -23 + 46. Suppose -2*x + x - 8 = h, -3*x - 2*h - p = 0. Let w(j) = -2*j - 2. Let c be w(x). What is the highest common factor of c and 18?
6
Let g be (-20)/6*(5 - 2). Let w be g/(-15) - 806/(-6). Let o = 66 - 39. What is the greatest common factor of o and w?
27
Suppose 0 = 4*v + 20 - 128. Suppose 0*p = 3*p + v. Let b = 19 - p. Calculate the highest common factor of b and 70.
14
Let k be ((32/20)/1)/((-18)/(-315)). Let v be ((-140)/(-3))/((-3)/(-9)). Calculate the greatest common factor of k and v.
28
Let l(s) = 2*s - 28. Let w = 15 + 3. Let h be l(w). Calculate the greatest common divisor of 48 and h.
8
Let v(c) = -c**2 + 11*c - 46. Let w(m) = 2*m - 9. Let s(h) = -2*v(h) + 11*w(h). Let p be s(4). Calculate the greatest common factor of p and 25.
25
Let b(l) = l**2 + l + 25. Let y be b(-6). Suppose 3*p = -d + y, -4*p + 3*d + 33 = -49. What is the highest common factor of p and 114?
19
Suppose 4*d + 2 - 42 = 0. Suppose 14*g - 100 = d*g. Calculate the highest common factor of g and 25.
25
Let y be 40/(-30) - (0 + (-760)/3). What is the highest common factor of 819 and y?
63
Let j be 117/(4/(-10)*(-15)/4). Let n = j - 40. What is the greatest common divisor of n and 380?
38
Let p be 14/(-8) + 2 + (-552)/(-96). Let n be (0 + -2)/(2 - 3). Calculate the highest common factor of p and n.
2
Let p = -61 + 78. Suppose -187 = -2*z + 51. Calculate the highest common factor of z and p.
17
Let t be 21/28 - (-677)/4. Suppose 0 = 3*m - t - 10. Suppose 3*p = 8*p - m. Calculate the highest common divisor of p and 36.
12
Let s = 68 - 58. Let h(x) = -34*x + 2. Let u be h(-2). Calculate the greatest common factor of s and u.
10
Suppose -35*f - 312 = -39*f. Suppose f = 5*q - 2*i, q = -q - 5*i + 37. What is the highest common divisor of 128 and q?
16
Suppose 0 = 5*y - 9*y + 96. Suppose -3*n + n = -y. Calculate the greatest common factor of 3 and n.
3
Let t(l) be the first derivative of 6*l - 5 - 1/2*l**2. Let h be t(4). Calculate the greatest common divisor of h and 14.
2
Let f be ((-645)/(-24))/5 - (-12)/(-32). What is the greatest common divisor of 5 and f?
5
Suppose 0 = -2*w + 7*w. Suppose -c + 66 = 5*u, u + 4*c = -0*u - 2. Suppose -5*g + 21 + u = w. What is the highest common factor of 56 and g?
7
Let r = 341 - 176. Suppose 4*v + 8 = 0, 3*b - 3*v = -r + 36. Let s = -17 - b. What is the highest common divisor of 84 and s?
28
Suppose 8*f - 4 = 6*f. Suppose -f*v + 2 = -v. What is the greatest common divisor of 22 and v?
2
Suppose -3*b - 10*b + 364 = 0. Suppose -2*g + 704 = 2*g. Let p = g + -92. Calculate the highest common divisor of b and p.
28
Let p(x) = -x**3 - 7*x**2 - 6*x + 2. Let q be p(-6). Suppose q*r = 4*r - 76. Let b be 38/((48/30)/4). Calculate the greatest comm